3, 397, 30577
List the prime factors of 939294736.
2, 58705921
List the prime factors of 4081409179.
23, 487, 364379
What are the prime factors of 1343667048?
2, 3, 71, 788537
List the prime factors of 2647005323.
59, 937, 47881
What are the prime factors of 327510464?
2, 61, 83891
What are the prime factors of 1192086752?
2, 19, 1960669
What are the prime factors of 1199973926?
2, 191, 1289, 2437
What are the prime factors of 611907209?
127, 4818167
What are the prime factors of 1182329882?
2, 359, 433, 3803
What are the prime factors of 108755893?
269, 461, 877
List the prime factors of 367541430.
2, 3, 5, 83, 147607
List the prime factors of 1600667542.
2, 800333771
What are the prime factors of 682601654?
2, 7, 6965323
What are the prime factors of 141358724?
2, 13, 2718437
What are the prime factors of 648264769?
127, 5104447
What are the prime factors of 3370562?
2, 13, 19, 6823
List the prime factors of 62756025.
3, 5, 836747
List the prime factors of 28320931.
47, 743, 811
List the prime factors of 73759363.
73759363
What are the prime factors of 3959534670?
2, 3, 5, 7, 13, 207197
What are the prime factors of 2086320359?
17, 179, 685613
List the prime factors of 300867199.
29, 10374731
List the prime factors of 3345344894.
2, 23, 4451, 16339
List the prime factors of 225728585.
5, 45145717
List the prime factors of 7595185.
5, 13, 116849
List the prime factors of 367313905.
5, 7, 10494683
What are the prime factors of 2620339112?
2, 37, 47, 188351
What are the prime factors of 1667369275?
5, 11, 13, 73, 6389
What are the prime factors of 477635300?
2, 5, 19, 251387
What are the prime factors of 636309646?
2, 7, 37, 1228397
List the prime factors of 5923455.
3, 5, 394897
What are the prime factors of 2264937360?
2, 3, 5, 7, 1348177
What are the prime factors of 27454309?
27454309
What are the prime factors of 254343301?
254343301
What are the prime factors of 11217403?
29, 503, 769
List the prime factors of 1163423963.
13, 71, 1260481
List the prime factors of 925599679.
269, 727, 4733
What are the prime factors of 56023933?
7, 8003419
What are the prime factors of 744754200?
2, 3, 5, 1241257
What are the prime factors of 323775887?
53, 6108979
List the prime factors of 948843520.
2, 5, 47, 3943
What are the prime factors of 1099742019?
3, 17, 31, 695599
What are the prime factors of 1265493991?
17, 5569, 13367
What are the prime factors of 35332980?
2, 3, 5, 41, 53, 271
List the prime factors of 48296726.
2, 24148363
List the prime factors of 55095657.
3, 17, 1080307
List the prime factors of 531190942.
2, 17, 19, 822277
List the prime factors of 108044442.
2, 3, 11, 60631
List the prime factors of 37763297.
11, 13, 181, 1459
What are the prime factors of 382606897?
97, 1187, 3323
What are the prime factors of 33794449?
13, 2599573
List the prime factors of 606499985.
5, 7, 13, 47, 79, 359
List the prime factors of 77550335.
5, 37, 419191
List the prime factors of 1250771075.
5, 67, 211, 3539
What are the prime factors of 3103781953?
17, 73, 277, 9029
List the prime factors of 78857781.
3, 17, 1546231
List the prime factors of 395109534.
2, 3, 821, 80209
List the prime factors of 45647247.
3, 29, 524681
What are the prime factors of 224694353?
13, 17284181
What are the prime factors of 141737915?
5, 11, 1423, 1811
What are the prime factors of 48360464?
2, 89, 33961
List the prime factors of 960827735.
5, 7, 71, 386651
List the prime factors of 514101518.
2, 7, 36721537
What are the prime factors of 1959280238?
2, 83, 2677, 4409
What are the prime factors of 175690418?
2, 47, 293, 6379
What are the prime factors of 54318641?
13, 4178357
What are the prime factors of 5375470908?
2, 3, 659, 679751
List the prime factors of 1671644.
2, 13, 17, 31, 61
What are the prime factors of 1798752136?
2, 11093, 20269
List the prime factors of 5910097220.
2, 5, 295504861
What are the prime factors of 54835095?
3, 5, 7, 522239
List the prime factors of 1712141575.
5, 68485663
List the prime factors of 344052436.
2, 7, 13, 409, 2311
What are the prime factors of 117416672?
2, 137, 26783
What are the prime factors of 60773250?
2, 3, 5, 81031
What are the prime factors of 2301923798?
2, 1150961899
List the prime factors of 16313862.
2, 3, 107, 25411
List the prime factors of 1175442495.
3, 5, 78362833
What are the prime factors of 129076723?
7829, 16487
What are the prime factors of 887676613?
20887, 42499
List the prime factors of 88345381.
31, 37, 77023
What are the prime factors of 98705447?
98705447
List the prime factors of 6854576.
2, 428411
What are the prime factors of 322800317?
7, 46114331
What are the prime factors of 4338714721?
11, 17, 23201683
List the prime factors of 38978045.
5, 83, 93923
What are the prime factors of 417896737?
17, 281, 87481
What are the prime factors of 841281?
3, 7, 59, 97
List the prime factors of 37880085.
3, 5, 61, 41399
List the prime factors of 41180363.
7, 167, 35227
What are the prime factors of 14665150?
2, 5, 19, 43, 359
List the prime factors of 77927811.
3, 13, 1153, 1733
List the prime factors of 213359538.
2, 3, 7, 37, 251, 547
What are the prime factors of 8902217?
29, 251, 1223
What are the prime factors of 433564759?
61, 7107619
List the prime factors of 205388945.
5, 2447, 16787
What are the prime factors of 1631811255?
3, 5, 173, 431, 1459
List the prime factors of 1340003130.
2, 3, 5, 44666771
What are the prime factors of 6383811?
3, 7, 23, 13217
List the prime factors of 255295981.
307, 831583
What are the prime factors of 129513908?
2, 31, 151, 6917
What are the prime factors of 54371986?
2, 41, 359, 1847
What are the prime factors of 3407490752?
2, 3637, 14639
What are the prime factors of 40198470?
2, 3, 5, 13, 59, 1747
List the prime factors of 255660302.
2, 1483, 86197
List the prime factors of 54847856.
2, 7, 69959
What are the prime factors of 33841766?
2, 7, 739, 3271
What are the prime factors of 643888600?
2, 5, 17, 31, 41, 149
What are the prime factors of 87697569?
3, 1409, 20747
What are the prime factors of 97092019?
3067, 31657
What are the prime factors of 1365702767?
11, 13, 19, 502651
List the prime factors of 934929623.
563, 1259, 1319
List the prime factors of 390460417.
390460417
What are the prime factors of 496988700?
2, 3, 5, 13, 19, 353
List the prime factors of 305458998.
2, 3, 13, 23, 170267
What are the prime factors of 92851868?
2, 109, 173, 1231
List the prime factors of 991293460.
2, 5, 17, 19, 173, 887
What are the prime factors of 3203710445?
5, 13, 49287853
List the prime factors of 85928901.
3, 431, 66457
What are the prime factors of 2597892181?
29, 89582489
What are the prime factors of 971846583?
3, 323948861
List the prime factors of 99040459.
7, 193, 73309
What are the prime factors of 147619054?
2, 11, 6709957
List the prime factors of 18303694.
2, 9151847
What are the prime factors of 199683825?
3, 5, 11, 19, 12739
List the prime factors of 5111893825.
5, 204475753
What are the prime factors of 74698941?
3, 24899647
What are the prime factors of 540301706?
2, 7, 38592979
What are the prime factors of 51805397?
7, 29, 36457
List the prime factors of 487061933.
59, 8255287
What are the prime factors of 41824773?
3, 4647197
What are the prime factors of 1616682610?
2, 5, 43, 3759727
What are the prime factors of 322013484?
2, 3, 13, 688063
What are the prime factors of 8239478?
2, 13, 316903
What are the prime factors of 1611036669?
3, 11, 1601, 30493
List the prime factors of 2774426947.
857, 3237371
List the prime factors of 752098070.
2, 5, 953, 78919
List the prime factors of 301647477.
3, 19, 1181, 4481
List the prime factors of 892603698.
2, 3, 7, 19, 159793
What are the prime factors of 477305351?
47, 10155433
What are the prime factors of 2003275037?
2777, 721381
What are the prime factors of 3859937630?
2, 5, 79, 157, 31121
List the prime factors of 1896367277.
7, 257, 150589
What are the prime factors of 61151723?
61151723
List the prime factors of 96441111.
3, 13, 30529
What are the prime factors of 1563822021?
3, 16843, 30949
What are the prime factors of 62121546?
2, 3, 61, 18859
List the prime factors of 955049068.
2, 653, 365639
What are the prime factors of 104312346?
2, 3, 109, 159499
What are the prime factors of 2385351575?
5, 31, 6